ase 13, what is -5 - 153c?
-1544
In base 9, what is -87 - 526?
-624
In base 4, what is 11021002 - -33?
11021101
In base 14, what is -2b0 - 20?
-2d0
In base 4, what is -1 - -31201320?
31201313
In base 12, what is 15a - -447b?
4619
In base 16, what is -3c25de + -4?
-3c25e2
In base 7, what is 366013 - 0?
366013
In base 13, what is 8 + c9b0?
c9b8
In base 15, what is 181 + a6?
237
In base 14, what is 28 + -127?
-dd
In base 8, what is -30071 + -4?
-30075
In base 2, what is 10001101011110101010 + -11?
10001101011110100111
In base 3, what is -12 + 202210220011?
202210212222
In base 11, what is 307 + 2417?
2723
In base 12, what is -256 + 41?
-215
In base 6, what is 333 - -322?
1055
In base 8, what is -514736 + 3?
-514733
In base 12, what is -175a - -a1?
-1679
In base 3, what is 1111122021 + 12?
1111122110
In base 13, what is -2 + -7c7b?
-7c80
In base 12, what is 4 - 2316?
-2312
In base 13, what is -4 - 5311?
-5315
In base 9, what is -2121681 - 3?
-2121684
In base 8, what is -6 - -646?
640
In base 12, what is 960 - 906?
56
In base 11, what is 198913 + -5?
198909
In base 6, what is -445 + -124301?
-125150
In base 11, what is -1208 + 5?
-1203
In base 12, what is -8 + -68998?
-689a4
In base 13, what is 39a8 + -124?
3884
In base 12, what is 4 + -169?
-165
In base 6, what is 33314 - 20?
33254
In base 8, what is 1641642 - 0?
1641642
In base 10, what is 29345 + 2?
29347
In base 10, what is -575 - 6?
-581
In base 2, what is -10111111110101 + -1?
-10111111110110
In base 16, what is dd4c3 - -5?
dd4c8
In base 6, what is -2012 + -111?
-2123
In base 11, what is 2285 - -13?
2298
In base 10, what is 18951 + 2?
18953
In base 12, what is 1453 - 1?
1452
In base 2, what is 10110011011010 - 1100010?
10110001111000
In base 14, what is -83 - -280?
1db
In base 3, what is 1100 - 122122110?
-122121010
In base 14, what is -4 + 62c34?
62c30
In base 16, what is -2 - -9352?
9350
In base 5, what is 0 - -300213022?
300213022
In base 14, what is -1 - 40935?
-40936
In base 13, what is -713b - -3?
-7138
In base 13, what is -1 + -78616?
-78617
In base 4, what is -3 - 11333102332?
-11333103001
In base 10, what is -720688 + 5?
-720683
In base 5, what is 10 + 432444?
433004
In base 9, what is 80370 + -52?
80317
In base 2, what is -100 + 10100101100100100?
10100101100100000
In base 4, what is 202220 + 1201?
210021
In base 5, what is -10 - -3331210?
3331200
In base 7, what is 3 - 562011?
-562005
In base 11, what is 23 - 134?
-111
In base 8, what is -1 - 116435?
-116436
In base 6, what is 15 - -34455?
34514
In base 16, what is -5 + -71ac0?
-71ac5
In base 6, what is 3 + 134124?
134131
In base 12, what is 6a30 + -1?
6a2b
In base 15, what is -1 - -d35?
d34
In base 8, what is -7502 + -5?
-7507
In base 9, what is -315 - 6103?
-6418
In base 15, what is 1 + -7dace?
-7dacd
In base 10, what is 186 + 19?
205
In base 5, what is 133114 - 14?
133100
In base 4, what is -2331220 + -31?
-2331311
In base 9, what is 6541 + -2?
6538
In base 4, what is 122111 - -3231?
132002
In base 2, what is 1110101 - -10001?
10000110
In base 8, what is 26702 + 257?
27161
In base 10, what is 46281 - -2?
46283
In base 7, what is -4105655 - 2?
-4105660
In base 8, what is 5 + 112536?
112543
In base 10, what is -1 + -879961?
-879962
In base 4, what is -21233013 + -23?
-21233102
In base 11, what is -297 - -20a?
-88
In base 14, what is 34 + -41?
-b
In base 4, what is 0 - 1303100231?
-1303100231
In base 3, what is -21 + -221000021?
-221000112
In base 7, what is -65 + -142?
-240
In base 13, what is 18009 - 5?
18004
In base 7, what is 5 - -214204?
214212
In base 4, what is -2 - 2212210222?
-2212210230
In base 3, what is -100 + -111220102?
-111220202
In base 8, what is -1615 + 65?
-1530
In base 3, what is 20102011200 - 2?
20102011121
In base 11, what is 173 + -19855?
-19692
In base 16, what is 849d + -3?
849a
In base 10, what is 1 - -185729?
185730
In base 6, what is -14 - -215154?
215140
In base 8, what is 2273 + -25?
2246
In base 10, what is 25 + 17769?
17794
In base 15, what is 233d - 4?
2339
In base 12, what is 902b82 - 5?
902b79
In base 8, what is 126 - 1043?
-715
In base 4, what is -11 - 3331231?
-3331302
In base 11, what is -a8 - 2335?
-2432
In base 2, what is -100110000010011001111 - -1?
-100110000010011001110
In base 3, what is 2 + 102022100212?
102022100221
In base 11, what is -7959 - -4?
-7955
In base 10, what is 3940086 - 2?
3940084
In base 8, what is 21155 + 322?
21477
In base 3, what is -2021111 - 101?
-2021212
In base 4, what is 202033011 + -10?
202033001
In base 10, what is 4 + 1602?
1606
In base 6, what is -20 + 4235024?
4235004
In base 5, what is 12 + 100414?
100431
In base 5, what is 11 + 1313442?
1314003
In base 2, what is -1001 + -1110111010011?
-1110111011100
In base 13, what is cb + -1a0?
-a2
In base 3, what is -111 + -11202220?
-11210101
In base 14, what is -4 + -48900?
-48904
In base 13, what is 44 - -2cc?
343
In base 16, what is -3c - 4a44?
-4a80
In base 7, what is -2404 - 213?
-2620
In base 5, what is 1 + -34230002?
-34230001
In base 14, what is 255243 - -5?
255248
In base 8, what is -3 - -130643?
130640
In base 4, what is 21020022 - 30?
21013332
In base 16, what is -1 - a92?
-a93
In base 7, what is 52 - 340101?
-340016
In base 14, what is -13 - a5b4?
-a5c7
In base 3, what is 102012011 - -2?
102012020
In base 6, what is 2241014 - 1?
2241013
In base 15, what is -3 + 25e2?
25de
In base 13, what is 51cb + -8?
51c3
In base 7, what is -1226544 + 34?
-1226510
In base 16, what is 18c0f3 - 2?
18c0f1
In base 2, what is -1 - 100111001111010101?
-100111001111010110
In base 4, what is -102 + 21033132?
21033030
In base 2, what is 11101000 + -111100100001?
-111000111001
In base 13, what is 2010 + 36?
2046
In base 6, what is 0 + -2210?
-2210
In base 9, what is 4500 + 15?
4515
In base 16, what is -fb - -42?
-b9
In base 3, what is 11 - 12001111?
-12001100
In base 12, what is -79093 - 5?
-79098
In base 12, what is 2 - -17a12?
17a14
In base 9, what is -178 + 327?
138
In base 12, what is 1246b0 - -16?
124706
In base 4, what is -1002021 - -321?
-1001100
In base 9, what is 2303 + 267?
2571
In base 12, what is -218b50 + -3?
-218b53
In base 14, what is 21a766 + 3?
21a769
In base 7, what is 3 + 5230?
5233
In base 15, what is -a - -63bde?
63bd4
In base 2, what is -100 + -1001101110110100?
-1001101110111000
In base 7, what is -1054603 - 2?
-1054605
In base 2, what is 11001110010001100 + 1?
11001110010001101
In base 14, what is 9a014 - 6?
9a00c
In base 11, what is -75279a + -5?
-7527a4
In base 5, what is -31 - -1140422?
1140341
In base 9, what is -2 - 25142?
-25144
In base 14, what is a810 - -3?
a813
In base 4, what is 2011 + 12122?
20133
In base 16, what is -5 - a63?
-a68
In base 15, what is 151d + -19d?
1370
In base 7, what is -236 + -112150?
-112416
In base 10, what is 2885 - 7?
2878
In base 16, what is -2 + 9571?
956f
In base 14, what is 5c6 - -6c0?
ca6
In base 9, what is -387436 + -1?
-387437
In base 14, what is -36 + 23b?
205
In base 2, what is -10000110 + -10010?
-10011000
In base 11, what is -1 + -10a5823?
-10a5824
In base 10, what is 174332 - -5?
174337
In base 5, what is 4201 - 20301?
-11100
In base 10, what is 2 - 8748?
-8746
In base 7, what is -116564 - -1?
-116563
In base 16, what is 1 - -60dd7?
60dd8
In base 13, what is 0 - -389589?
389589
In base 10, what is 18338 - 260?
18078
In base 12, what is -647 - -2?
-645
In base 14, what is -5c8 + 30?
-598
In base 4, what is 12 + -1023210?
-1023132
In base 7, what is 150025 - -22?
150050
In base 12, what is 5b2b1 + 1?
5b2b2
In base 12, what is 245 - 5?
240
In base 14, what is 132 + 45?
177
In base 15, what is 12 - -6e9?
70b
In base 6, what is -2020 + 222?
-1354
In base 9, what is 3 - 52324?
-52321
In base 10, what is 5 + -15792?
-15787
In base 13, what is -8c1582 - 3?
-8c1585
In base 6, what is -220 - -1415?
1155
In base 15, what is 1 - 2cb89?
-2cb88
In base 9, what is 24215 - 1?
24214
In base 10, what is 117 + 22?
139
In base 13, what is -1ab41 - 2?
-1ab43
In base 5, what is -1 - 310340?
-310341
In base 14, what is 1 - -92d82?
92d83
In base 6, what is 312 + -224?
44
In base 16, what is -22 - -2b05?
2ae3
In base 9, what is 575058 - 6?
575052
In base 14, what is -3 + 26452?
2644d
In base 16, what is -16 - -2794?
277e
In base 2, what is 1001000100 + 10100001?
1011100101
In base 9